{"id":82711,"date":"2019-03-05T10:56:07","date_gmt":"2019-03-05T08:56:07","guid":{"rendered":"https:\/\/www.iispv.cat\/cursos\/i-congres-de-la-societat-catalano-balear-doncologia\/"},"modified":"2023-12-13T10:02:19","modified_gmt":"2023-12-13T09:02:19","slug":"i-congres-de-la-societat-catalano-balear-doncologia","status":"publish","type":"curs","link":"https:\/\/www.iispv.cat\/es\/cursos\/i-congres-de-la-societat-catalano-balear-doncologia\/","title":{"rendered":"I Congreso de la Sociedad Catalano-Balear de Oncolog\u00eda"},"content":{"rendered":"\n<p>La incidencia del c\u00e1ncer est\u00e1 aumentando debido fundamentalmente al envejecimiento progresivo&nbsp;de la poblaci\u00f3n, se estima que en 2025 se diagnosticar\u00e1n 39.000 casos nuevos, seg\u00fan los \u00faltimos datos del Departamento de Salud, siendo esencial organizar Congresos multidisciplinares con el fin de avanzar en el conocimiento del c\u00e1ncer.<\/p>\n\n\n\n<p>Se ha trabajado para que el programa sea interesante, con alto contenido cient\u00edfico y con ponentes y moderadores del territorio de primer orden, intentando abordar una oncolog\u00eda de precisi\u00f3n y personalizada. El programa incluye el abordaje terap\u00e9utico no quir\u00fargico de diferentes tipos de tumores, de los que hemos pedido a los expertos especialistas en Oncolog\u00eda M\u00e9dica y Oncolog\u00eda Radioter\u00e1pica los cinco aspectos m\u00e1s relevantes en cada uno de ellos. En los c\u00e1nceres de mama y de pulm\u00f3n hemos profundizado en el pasado, presente y futuro para saber hacia d\u00f3nde vamos. Previamente, los residentes de \u00faltimo a\u00f1o de ambas especialidades presentar\u00e1n un caso con inter\u00e9s docente en el que se constate este abordaje multidisciplinar. Contamos con la participaci\u00f3n de una investigadora b\u00e1sica y tambi\u00e9n habr\u00e1 una participaci\u00f3n de psico-oncolog\u00eda.<\/p>\n","protected":false},"template":"","localitzacio_curs":[],"tematica_curs":[],"tipus_curs":[73],"class_list":["post-82711","curs","type-curs","status-publish","hentry","tipus_curs-cursos"],"_links":{"self":[{"href":"https:\/\/www.iispv.cat\/es\/wp-json\/wp\/v2\/curs\/82711","targetHints":{"allow":["GET"]}}],"collection":[{"href":"https:\/\/www.iispv.cat\/es\/wp-json\/wp\/v2\/curs"}],"about":[{"href":"https:\/\/www.iispv.cat\/es\/wp-json\/wp\/v2\/types\/curs"}],"wp:attachment":[{"href":"https:\/\/www.iispv.cat\/es\/wp-json\/wp\/v2\/media?parent=82711"}],"wp:term":[{"taxonomy":"localitzacio_curs","embeddable":true,"href":"https:\/\/www.iispv.cat\/es\/wp-json\/wp\/v2\/localitzacio_curs?post=82711"},{"taxonomy":"tematica_curs","embeddable":true,"href":"https:\/\/www.iispv.cat\/es\/wp-json\/wp\/v2\/tematica_curs?post=82711"},{"taxonomy":"tipus_curs","embeddable":true,"href":"https:\/\/www.iispv.cat\/es\/wp-json\/wp\/v2\/tipus_curs?post=82711"}],"curies":[{"name":"wp","href":"https:\/\/api.w.org\/{rel}","templated":true}]}}

I Congreso de la Sociedad Catalano-Balear de Oncología

<p>La incidencia del cáncer está aumentando debido fundamentalmente al envejecimiento progresivo&nbsp;de la población, se estima que en 2025 se diagnosticarán 39.000 casos nuevos, según los últimos datos del Departamento de Salud, siendo esencial organizar Congresos multidisciplinares con el fin de avanzar en el conocimiento del cáncer.</p>



<p>Se ha trabajado para que el programa sea interesante, con alto contenido científico y con ponentes y moderadores del territorio de primer orden, intentando abordar una oncología de precisión y personalizada. El programa incluye el abordaje terapéutico no quirúrgico de diferentes tipos de tumores, de los que hemos pedido a los expertos especialistas en Oncología Médica y Oncología Radioterápica los cinco aspectos más relevantes en cada uno de ellos. En los cánceres de mama y de pulmón hemos profundizado en el pasado, presente y futuro para saber hacia dónde vamos. Previamente, los residentes de último año de ambas especialidades presentarán un caso con interés docente en el que se constate este abordaje multidisciplinar. Contamos con la participación de una investigadora básica y también habrá una participación de psico-oncología.</p>
