{"id":68347,"date":"2022-12-23T11:48:00","date_gmt":"2022-12-23T10:48:00","guid":{"rendered":"https:\/\/www.iispv.cat\/oferta-de-treball\/ic77_22-placa-administrativa-especialitzada-en-la-gestio-economico-administativa-de-projectes-de-recerca\/"},"modified":"2023-01-17T11:47:08","modified_gmt":"2023-01-17T10:47:08","slug":"ic77_22-placa-administrativa-especialitzada-en-la-gestio-economico-administativa-de-projectes-de-recerca","status":"publish","type":"oferta_de_treball","link":"https:\/\/www.iispv.cat\/en\/oferta-de-treball\/ic77_22-placa-administrativa-especialitzada-en-la-gestio-economico-administativa-de-projectes-de-recerca\/","title":{"rendered":"IC77_22 PLA\u00c7A ADMINISTRATIVA ESPECIALITZADA EN LA GESTI\u00d3 ECON\u00d2MICO-ADMINISTRATIVA DE PROJECTES DE RECERCA"},"content":{"rendered":"","protected":false},"template":"","organitzacio_oferta":[],"class_list":["post-68347","oferta_de_treball","type-oferta_de_treball","status-publish","hentry"],"_links":{"self":[{"href":"https:\/\/www.iispv.cat\/en\/wp-json\/wp\/v2\/oferta_de_treball\/68347","targetHints":{"allow":["GET"]}}],"collection":[{"href":"https:\/\/www.iispv.cat\/en\/wp-json\/wp\/v2\/oferta_de_treball"}],"about":[{"href":"https:\/\/www.iispv.cat\/en\/wp-json\/wp\/v2\/types\/oferta_de_treball"}],"wp:attachment":[{"href":"https:\/\/www.iispv.cat\/en\/wp-json\/wp\/v2\/media?parent=68347"}],"wp:term":[{"taxonomy":"organitzacio_oferta","embeddable":true,"href":"https:\/\/www.iispv.cat\/en\/wp-json\/wp\/v2\/organitzacio_oferta?post=68347"}],"curies":[{"name":"wp","href":"https:\/\/api.w.org\/{rel}","templated":true}]}}

IC77_22 PLAÇA ADMINISTRATIVA ESPECIALITZADA EN LA GESTIÓ ECONÒMICO-ADMINISTRATIVA DE PROJECTES DE RECERCA
