{"id":109789,"date":"2025-11-12T14:10:43","date_gmt":"2025-11-12T13:10:43","guid":{"rendered":"https:\/\/www.iispv.cat\/?post_type=oferta_de_treball&#038;p=109789"},"modified":"2025-12-15T15:06:56","modified_gmt":"2025-12-15T14:06:56","slug":"ic72_25-tecnico-a-graduado-a-para-el-proyecto-generacion-de-algoritmos-basados-en-imagenes-faciales-para-la-deteccion-de-individuos-con-la-delecion-22q11-2","status":"publish","type":"oferta_de_treball","link":"https:\/\/www.iispv.cat\/en\/oferta-de-treball\/ic72_25-tecnico-a-graduado-a-para-el-proyecto-generacion-de-algoritmos-basados-en-imagenes-faciales-para-la-deteccion-de-individuos-con-la-delecion-22q11-2\/","title":{"rendered":"IC72_25 &#8211; T\u00e9cnico\/a graduado\/a para el proyecto Generaci\u00f3n de algoritmos basados en im\u00e1genes faciales para la detecci\u00f3n de individuos con la deleci\u00f3n 22q11.2"},"content":{"rendered":"","protected":false},"template":"","organitzacio_oferta":[],"class_list":["post-109789","oferta_de_treball","type-oferta_de_treball","status-publish","hentry"],"_links":{"self":[{"href":"https:\/\/www.iispv.cat\/en\/wp-json\/wp\/v2\/oferta_de_treball\/109789","targetHints":{"allow":["GET"]}}],"collection":[{"href":"https:\/\/www.iispv.cat\/en\/wp-json\/wp\/v2\/oferta_de_treball"}],"about":[{"href":"https:\/\/www.iispv.cat\/en\/wp-json\/wp\/v2\/types\/oferta_de_treball"}],"wp:attachment":[{"href":"https:\/\/www.iispv.cat\/en\/wp-json\/wp\/v2\/media?parent=109789"}],"wp:term":[{"taxonomy":"organitzacio_oferta","embeddable":true,"href":"https:\/\/www.iispv.cat\/en\/wp-json\/wp\/v2\/organitzacio_oferta?post=109789"}],"curies":[{"name":"wp","href":"https:\/\/api.w.org\/{rel}","templated":true}]}}

IC72_25 &#8211; Técnico/a graduado/a para el proyecto Generación de algoritmos basados en imágenes faciales para la detección de individuos con la deleción 22q11.2
